{"id":248,"date":"2026-01-17T09:00:00","date_gmt":"2026-01-17T09:00:00","guid":{"rendered":"https:\/\/sicher-mitspielen.de\/?page_id=248"},"modified":"2026-01-17T09:01:01","modified_gmt":"2026-01-17T09:01:01","slug":"anleitung","status":"publish","type":"page","link":"https:\/\/sicher-mitspielen.de\/?page_id=248","title":{"rendered":"Anleitung"},"content":{"rendered":"\n<p class=\"has-medium-font-size\"><strong>Elternkonto anlegen<\/strong><\/p>\n\n\n\n<p><strong>Schritt 1: Registrierung<\/strong><\/p>\n\n\n\n<ol start=\"1\" class=\"wp-block-list\">\n<li>\u00d6ffnen Sie den Men\u00fcpunkt <strong>\u201eHauptmen\u00fc\u201c<\/strong><\/li>\n\n\n\n<li>Registrieren Sie sich mit Ihrer E-Mail-Adresse<\/li>\n\n\n\n<li>Best\u00e4tigen Sie, dass Sie <strong>erziehungsberechtigt<\/strong> sind<\/li>\n\n\n\n<li>Best\u00e4tigen Sie die Mailadresse und vergeben Sie ein Passwort<\/li>\n<\/ol>\n\n\n\n<hr class=\"wp-block-separator has-alpha-channel-opacity\"\/>\n\n\n\n<p><strong>Schritt 2: Einloggen &amp; \u00dcberblick<\/strong><\/p>\n\n\n\n<p>Nach dem Login sehen Sie Ihren <strong>Elternbereich<\/strong>. In den Elternbereich kommen Sie immer \u00fcber \u201e<strong>Hauptmen\u00fc<\/strong>\u201c<\/p>\n\n\n\n<p>Hier finden Sie unter anderem:<\/p>\n\n\n\n<ul class=\"wp-block-list\">\n<li>Ihre <strong>Kontodetails<\/strong><\/li>\n\n\n\n<li>Einen Bereich zur <strong>Verwaltung Ihrer Kinder<\/strong><\/li>\n\n\n\n<li>Den<strong> Moderationsbereich<\/strong><\/li>\n\n\n\n<li><strong>Etc.<\/strong><\/li>\n<\/ul>\n\n\n\n<hr class=\"wp-block-separator has-alpha-channel-opacity\"\/>\n\n\n\n<p><strong>3. Kinderkonten anlegen (zentraler Schritt)<\/strong><\/p>\n\n\n\n<p>Ihr Kind ben\u00f6tigt <strong>ein eigenes Benutzerkonto<\/strong>, das Sie anlegen.<\/p>\n\n\n\n<p><strong>Schritt 3: Kinderbereich \u00f6ffnen<\/strong><\/p>\n\n\n\n<ol start=\"1\" class=\"wp-block-list\">\n<li>Gehen Sie in <strong>\u201eHauptmen\u00fc\u201c<\/strong><\/li>\n\n\n\n<li>\u00d6ffnen Sie den Bereich <strong>\u201eEigene Kinder\u201c<\/strong><\/li>\n<\/ol>\n\n\n\n<p>Dieser Bereich ist nur f\u00fcr Eltern sichtbar.<\/p>\n\n\n\n<hr class=\"wp-block-separator has-alpha-channel-opacity\"\/>\n\n\n\n<p><strong>Schritt 4: Kind anlegen<\/strong><\/p>\n\n\n\n<ol start=\"1\" class=\"wp-block-list\">\n<li>Legen Sie einen <strong>Benutzernamen<\/strong> fest<br>(z. B. Fantasiename, kein Klarname)<\/li>\n\n\n\n<li>Vergeben Sie ein Passwort<\/li>\n\n\n\n<li>Speichern Sie das Kind<\/li>\n<\/ol>\n\n\n\n<p>Sie sehen das Kind nun auf der selben Seite im unteren Bereich<\/p>\n\n\n\n<p>Ihr Kind loggt sich <strong>immer mit seinem eigenen Konto<\/strong> ein, nicht mit Ihrem.<\/p>\n\n\n\n<hr class=\"wp-block-separator has-alpha-channel-opacity\"\/>\n\n\n\n<p><strong>4. Erlaubte Kontaktdaten festlegen (sehr empfohlen)<\/strong><\/p>\n\n\n\n<p>Ein besonders wichtiger Punkt.<\/p>\n\n\n\n<p><strong>Warum das n\u00f6tig ist? <\/strong>Kinder m\u00f6chten sich oft:<\/p>\n\n\n\n<ul class=\"wp-block-list\">\n<li>im Spiel verabreden<\/li>\n\n\n\n<li>Spielnamen austauschen<\/li>\n<\/ul>\n\n\n\n<p>Freies Teilen von Kontaktdaten w\u00e4re unsicher \u2013 deshalb funktioniert das hier <strong>kontrolliert<\/strong>.<\/p>\n\n\n\n<p>Im Bereich eigene Kinder k\u00f6nnen Sie Kontaktdaten eingeben die Ihr Kind bei Bedarf mit anderen Kindern Teilen kann, die Kontaktdaten werden nicht automatisch geteilt.<\/p>\n\n\n\n<p>Beispiele:<\/p>\n\n\n\n<ul class=\"wp-block-list\">\n<li>\u201eRoblox-Name: \u2026\u201c<\/li>\n\n\n\n<li>\u201eMinecraft-Gamertag: \u2026\u201c<\/li>\n\n\n\n<li>\u201eTreffen nur im Spiel, keine externen Chats\u201c<\/li>\n\n\n\n<li>Discord Name etc.<\/li>\n<\/ul>\n\n\n\n<hr class=\"wp-block-separator has-alpha-channel-opacity\"\/>\n\n\n\n<p class=\"has-medium-font-size\"><strong>Erstes Einloggen Ihres Kindes<\/strong><\/p>\n\n\n\n<ul class=\"wp-block-list\">\n<li>Ihr Kind nutzt <strong>sein eigenes Kinderkonto, <\/strong>sollten Sie den selben Browser benutzen, m\u00fcssen Sie sich zuvor<strong> ausloggen.<\/strong><\/li>\n\n\n\n<li>Ihr Kind sieht keine:\n<ul class=\"wp-block-list\">\n<li><strong>keine<\/strong> Erwachsenenbereiche<\/li>\n\n\n\n<li><strong>keine<\/strong> Adminfunktionen<\/li>\n\n\n\n<li><strong>keine<\/strong> fremden Elternprofile<\/li>\n<\/ul>\n<\/li>\n<\/ul>\n\n\n\n<ul class=\"wp-block-list\">\n<li>Ihr Kind sieht nur:<\/li>\n\n\n\n<li>andere Kinder,<\/li>\n\n\n\n<li>die Kinder Bords<\/li>\n\n\n\n<li>Chats zu anderen Kindern<\/li>\n<\/ul>\n\n\n\n<hr class=\"wp-block-separator has-alpha-channel-opacity\"\/>\n\n\n\n<p><strong>5. Details beim Kinderkonto eingeben:<\/strong><\/p>\n\n\n\n<p>Hier kann ihr Kind eine Kurzbeschreibung, eine ausf\u00fchrliche Beschreibung eingeben und ein Avatarbild hochladen. Diese Details sind f\u00fcr andere Kinder sichtbar.<\/p>\n\n\n\n<ul class=\"wp-block-list\">\n<li><strong>Kurzbeschreibung<\/strong>: Interessen\u00fcbersicht, z.B. \u201eRoblox\u201c<\/li>\n\n\n\n<li><strong>ausf\u00fchrliche Beschreibung: <\/strong>In Roblox spiele ich gerne xy, au\u00dferdem spiele ich am PC und unterhalte mich beim spielen \u00fcber Discord. Ich spieleam liebsten mit Kindern zwischen 10 und 13 Jahren\u2026.<\/li>\n<\/ul>\n\n\n\n<hr class=\"wp-block-separator has-alpha-channel-opacity\"\/>\n\n\n\n<p><strong>6. Andere Kinder finden und Nachricht an andere Kinder schreiben<\/strong><\/p>\n\n\n\n<p>\u00dcber \u201eUser\u201c im <strong>Hauptmen\u00fc<\/strong> findet Ihr Kind andere Kinder<\/p>\n\n\n\n<ul class=\"wp-block-list\">\n<li>Bei einem anderen Kind mit passenden Interessen auf \u201eChat starten\u201c klicken<\/li>\n\n\n\n<li>Die Chats werden sp\u00e4ter unter \u201eChats\u201c angezeigt<\/li>\n<\/ul>\n\n\n\n<hr class=\"wp-block-separator has-alpha-channel-opacity\"\/>\n\n\n\n<p><strong>6. Schreiben &amp; Moderation \u2013 was im Hintergrund passiert<\/strong><\/p>\n\n\n\n<p><strong>Schritt 9: Ihr Kind schreibt eine Nachricht<\/strong><\/p>\n\n\n\n<p>Beim Absenden wird jede Nachricht gepr\u00fcft:<\/p>\n\n\n\n<ol start=\"1\" class=\"wp-block-list\">\n<li>Technische Sicherheitspr\u00fcfung<\/li>\n\n\n\n<li>KI-Inhaltspr\u00fcfung<\/li>\n\n\n\n<li>Pr\u00fcfung auf:\n<ul class=\"wp-block-list\">\n<li>Kontaktdaten<\/li>\n\n\n\n<li>unangemessene Sprache<\/li>\n\n\n\n<li>unklare Inhalte<\/li>\n<\/ul>\n<\/li>\n<\/ol>\n\n\n\n<p><strong>M\u00f6gliche Ergebnisse<\/strong><\/p>\n\n\n\n<p><strong>A) Unproblematisch<\/strong><br>\u2192 Nachricht wird sofort angezeigt<\/p>\n\n\n\n<p><strong>B) Unklar oder sensibel<\/strong><br>\u2192 Nachricht wird zur\u00fcckgehalten (\u201ewartet auf Pr\u00fcfung\u201c)<\/p>\n\n\n\n<p>Das ist <strong>kein Fehler<\/strong>, sondern Absicht.<\/p>\n\n\n\n<hr class=\"wp-block-separator has-alpha-channel-opacity\"\/>\n\n\n\n<p><strong>7. Ihre Rolle als Eltern im Alltag<\/strong><\/p>\n\n\n\n<p><strong>Schritt 10: Benachrichtigungen f\u00fcr Eltern<\/strong><\/p>\n\n\n\n<p>Wenn:<\/p>\n\n\n\n<ul class=\"wp-block-list\">\n<li>eine Nachricht <strong>Ihres<\/strong> Kindes gepr\u00fcft werden muss, k\u00f6nnen sie diese im <strong>Hauptmen\u00fc<\/strong> unter <strong>Moderation<\/strong> sehen. Hier k\u00f6nnen Sie die <strong>Nachricht<\/strong> ablehnen oder <strong>freigeben<\/strong>.<\/li>\n\n\n\n<li>Hierf\u00fcr m\u00fcssen sie als Eltern mit Ihrem <strong>Elternkonto<\/strong> eingeloggt sein.<\/li>\n<\/ul>\n\n\n\n<hr class=\"wp-block-separator has-alpha-channel-opacity\"\/>\n\n\n\n<p><strong>Schritt 11: Inhalte pr\u00fcfen<\/strong><\/p>\n\n\n\n<p>Sie k\u00f6nnen die Kommunikation Ihres Kindes einsehen unter \u201e<strong>Chats pr\u00fcfen<\/strong>\u201c.<\/p>\n\n\n\n<hr class=\"wp-block-separator has-alpha-channel-opacity\"\/>\n\n\n\n<p><strong>8. Kontaktdaten teilen (kontrolliert)<\/strong><\/p>\n\n\n\n<p><strong>Schritt 12: Ihr Kind teilt Kontaktdaten, sofern diese von Ihnen eingetragen wurden<\/strong><\/p>\n\n\n\n<p>Wenn Ihr Kind z. B. einen Spielnamen teilen m\u00f6chte, nutzt es den vorgesehenen Button<\/p>\n\n\n\n<p>Das System:<\/p>\n\n\n\n<ul class=\"wp-block-list\">\n<li>f\u00fcgt automatisch <strong>nur die von Ihnen erlaubten Daten<\/strong> ein<\/li>\n\n\n\n<li>kennzeichnet die Nachricht entsprechend<\/li>\n<\/ul>\n\n\n\n<p>So bleibt:<\/p>\n\n\n\n<ul class=\"wp-block-list\">\n<li>der Austausch m\u00f6glich<\/li>\n\n\n\n<li>aber unter Ihrer Kontrolle<\/li>\n<\/ul>\n\n\n\n<hr class=\"wp-block-separator has-alpha-channel-opacity\"\/>\n\n\n\n<p><strong>9. \u00d6ffentliche Bereiche f\u00fcr Kinder<\/strong><\/p>\n\n\n\n<p>Zus\u00e4tzlich gibt es moderierte Kinderbereiche (Boards):<\/p>\n\n\n\n<ul class=\"wp-block-list\">\n<li>Beitr\u00e4ge erscheinen <strong>nicht ungepr\u00fcft<\/strong><\/li>\n\n\n\n<li>Unklare Inhalte werden zur\u00fcckgehalten<\/li>\n\n\n\n<li>Die gleichen Sicherheitsregeln gelten wie im Chat<\/li>\n<\/ul>\n\n\n\n<hr class=\"wp-block-separator has-alpha-channel-opacity\"\/>\n\n\n\n<p><strong>10. Eltern-Austausch (optional)<\/strong><\/p>\n\n\n\n<p>Als eingeloggte Eltern sehen Sie und dann unter <strong>Hauptmen\u00fc<\/strong>:<\/p>\n\n\n\n<ul class=\"wp-block-list\">\n<li>Andere Eltern und welche Kinder jeweils dazugeh\u00f6ren<\/li>\n<\/ul>\n\n\n\n<p>(Sie k\u00f6nnen nur mit den Eltern in Kontakt treten)<\/p>\n\n\n\n<ul class=\"wp-block-list\">\n<li>einen Link zu einer <strong>Signal-Elterngruppe<\/strong><\/li>\n\n\n\n<li>Ein Elternboard, welches die Kinder nicht sehen k\u00f6nnen.<\/li>\n<\/ul>\n\n\n\n<p>Diese dient:<\/p>\n\n\n\n<ul class=\"wp-block-list\">\n<li>dem Austausch unter Eltern<\/li>\n\n\n\n<li>R\u00fcckfragen<\/li>\n\n\n\n<li>Feedback zur Plattform<\/li>\n<\/ul>\n\n\n\n<p>Kinder sehen diesen Bereich <strong>nicht<\/strong>.<\/p>\n\n\n\n<hr class=\"wp-block-separator has-alpha-channel-opacity\"\/>\n\n\n\n<p><strong>11. Typische Fragen von Eltern<\/strong><\/p>\n\n\n\n<p><strong>\u201eWarum wird manches zur\u00fcckgehalten?\u201c<\/strong><br>Weil Sicherheit Vorrang hat. Im Zweifel wird gepr\u00fcft.<\/p>\n\n\n\n<p><strong>\u201eMuss ich st\u00e4ndig mitlesen?\u201c<\/strong><br>Nein. Sie werden nur aktiv, wenn etwas unklar ist.<\/p>\n\n\n\n<p><strong>\u201eKann mein Kind reale Treffen vereinbaren?\u201c<\/strong><br>Nein. Reale Treffen und private Kontaktdaten sind nicht vorgesehen und werden von der KI aussortiert.<\/p>\n\n\n\n<p><strong>\u201eDie KI hat XY durchgelassen\u201c<\/strong><\/p>\n\n\n\n<p>Bitte eine Mail an <a href=\"mailto:info@86e.de\">info@86e.de<\/a> schicken oder dies in der Eltern-Signalgruppe mitteilen.<br><br><\/p>\n\n\n\n<hr class=\"wp-block-separator has-alpha-channel-opacity\"\/>\n\n\n\n<p><strong>12. Zusammenfassung f\u00fcr Eltern<\/strong><\/p>\n\n\n\n<ul class=\"wp-block-list\">\n<li>Sie richten den Rahmen ein<\/li>\n\n\n\n<li>Ihr Kind nutzt die Plattform selbstst\u00e4ndig<\/li>\n\n\n\n<li>Kommunikation ist m\u00f6glich, aber gesch\u00fctzt<\/li>\n\n\n\n<li>Sie bleiben informiert, ohne dauernd kontrollieren zu m\u00fcssen<\/li>\n<\/ul>\n","protected":false},"excerpt":{"rendered":"<p>Elternkonto anlegen Schritt 1: Registrierung Schritt 2: Einloggen &amp; \u00dcberblick Nach dem Login sehen Sie Ihren Elternbereich. In den Elternbereich [&hellip;]<\/p>\n","protected":false},"author":1,"featured_media":0,"parent":0,"menu_order":0,"comment_status":"closed","ping_status":"closed","template":"","meta":{"site-sidebar-layout":"default","site-content-layout":"","ast-site-content-layout":"default","site-content-style":"default","site-sidebar-style":"default","ast-global-header-display":"","ast-banner-title-visibility":"","ast-main-header-display":"","ast-hfb-above-header-display":"","ast-hfb-below-header-display":"","ast-hfb-mobile-header-display":"","site-post-title":"","ast-breadcrumbs-content":"","ast-featured-img":"","footer-sml-layout":"","ast-disable-related-posts":"","theme-transparent-header-meta":"","adv-header-id-meta":"","stick-header-meta":"","header-above-stick-meta":"","header-main-stick-meta":"","header-below-stick-meta":"","astra-migrate-meta-layouts":"default","ast-page-background-enabled":"default","ast-page-background-meta":{"desktop":{"background-color":"var(--ast-global-color-5)","background-image":"","background-repeat":"repeat","background-position":"center center","background-size":"auto","background-attachment":"scroll","background-type":"","background-media":"","overlay-type":"","overlay-color":"","overlay-opacity":"","overlay-gradient":""},"tablet":{"background-color":"","background-image":"","background-repeat":"repeat","background-position":"center center","background-size":"auto","background-attachment":"scroll","background-type":"","background-media":"","overlay-type":"","overlay-color":"","overlay-opacity":"","overlay-gradient":""},"mobile":{"background-color":"","background-image":"","background-repeat":"repeat","background-position":"center center","background-size":"auto","background-attachment":"scroll","background-type":"","background-media":"","overlay-type":"","overlay-color":"","overlay-opacity":"","overlay-gradient":""}},"ast-content-background-meta":{"desktop":{"background-color":"var(--ast-global-color-4)","background-image":"","background-repeat":"repeat","background-position":"center center","background-size":"auto","background-attachment":"scroll","background-type":"","background-media":"","overlay-type":"","overlay-color":"","overlay-opacity":"","overlay-gradient":""},"tablet":{"background-color":"var(--ast-global-color-4)","background-image":"","background-repeat":"repeat","background-position":"center center","background-size":"auto","background-attachment":"scroll","background-type":"","background-media":"","overlay-type":"","overlay-color":"","overlay-opacity":"","overlay-gradient":""},"mobile":{"background-color":"var(--ast-global-color-4)","background-image":"","background-repeat":"repeat","background-position":"center center","background-size":"auto","background-attachment":"scroll","background-type":"","background-media":"","overlay-type":"","overlay-color":"","overlay-opacity":"","overlay-gradient":""}},"footnotes":""},"class_list":["post-248","page","type-page","status-publish","hentry"],"jetpack_sharing_enabled":true,"_links":{"self":[{"href":"https:\/\/sicher-mitspielen.de\/index.php?rest_route=\/wp\/v2\/pages\/248","targetHints":{"allow":["GET"]}}],"collection":[{"href":"https:\/\/sicher-mitspielen.de\/index.php?rest_route=\/wp\/v2\/pages"}],"about":[{"href":"https:\/\/sicher-mitspielen.de\/index.php?rest_route=\/wp\/v2\/types\/page"}],"author":[{"embeddable":true,"href":"https:\/\/sicher-mitspielen.de\/index.php?rest_route=\/wp\/v2\/users\/1"}],"replies":[{"embeddable":true,"href":"https:\/\/sicher-mitspielen.de\/index.php?rest_route=%2Fwp%2Fv2%2Fcomments&post=248"}],"version-history":[{"count":2,"href":"https:\/\/sicher-mitspielen.de\/index.php?rest_route=\/wp\/v2\/pages\/248\/revisions"}],"predecessor-version":[{"id":250,"href":"https:\/\/sicher-mitspielen.de\/index.php?rest_route=\/wp\/v2\/pages\/248\/revisions\/250"}],"wp:attachment":[{"href":"https:\/\/sicher-mitspielen.de\/index.php?rest_route=%2Fwp%2Fv2%2Fmedia&parent=248"}],"curies":[{"name":"wp","href":"https:\/\/api.w.org\/{rel}","templated":true}]}}